4035681247 a composite number?
True
Is 8454144791 composite?
True
Is 1007908201 a prime number?
True
Is 17279826829 a prime number?
False
Is 2116999147 a composite number?
True
Is 21226379705 composite?
True
Is 233069 a composite number?
False
Is 282886601 composite?
True
Is 1413168349 a prime number?
True
Is 1194194557 composite?
False
Is 428890476845 composite?
True
Is 7169897123 prime?
True
Is 24531273851 composite?
True
Is 3800888318 a composite number?
True
Is 707942293 composite?
True
Is 123482577299 composite?
True
Is 16451968469 a composite number?
False
Is 8232174683 a prime number?
False
Is 73098781573 a prime number?
True
Is 757243049 a prime number?
True
Is 1929931097 a prime number?
True
Is 2286157931 a composite number?
False
Is 7999573399 composite?
False
Is 2789896271 a prime number?
True
Is 329968501 prime?
False
Is 26448423563 a prime number?
True
Is 19877426759 a prime number?
True
Is 1576135259 prime?
True
Is 518452211 a prime number?
True
Is 22939965799 a prime number?
False
Is 6778480937 a composite number?
False
Is 37908021181 composite?
True
Is 1841802521 a composite number?
True
Is 507343901 composite?
True
Is 120497785747 prime?
False
Is 1558268149 a composite number?
True
Is 13434444953 a composite number?
False
Is 655973287 prime?
False
Is 14796361259 prime?
False
Is 404788057 a prime number?
True
Is 268252837 a composite number?
False
Is 1149655699 prime?
True
Is 3630385769 composite?
True
Is 4778042569 a prime number?
True
Is 278395487 prime?
False
Is 11189790551 composite?
False
Is 1201307867 composite?
False
Is 14792691211 a composite number?
False
Is 513336713 composite?
False
Is 3634113253 a composite number?
False
Is 3256572299 prime?
True
Is 2297220187 a prime number?
False
Is 18512847967 a prime number?
True
Is 128015189 a composite number?
True
Is 2358326563 a composite number?
False
Is 411326453 a composite number?
False
Is 562040623 prime?
True
Is 10679515109 composite?
False
Is 1831595459 prime?
False
Is 104677879259 a prime number?
False
Is 27816239021 a composite number?
False
Is 3667192861 prime?
True
Is 549522913 composite?
False
Is 1565404391 prime?
True
Is 89720142011 prime?
False
Is 3510287 composite?
True
Is 21013248199 a prime number?
False
Is 7157642803 a prime number?
False
Is 556153333 prime?
False
Is 36533171 composite?
True
Is 150099113 a prime number?
True
Is 1799428171 composite?
False
Is 4482979393 composite?
False
Is 19001031143 prime?
False
Is 157658161 a composite number?
True
Is 6626554387 prime?
True
Is 1956437207 composite?
False
Is 800063386 a prime number?
False
Is 58367767 prime?
False
Is 1969252363 a composite number?
True
Is 23944707271 prime?
False
Is 3195954137 a composite number?
True
Is 298496938 composite?
True
Is 130065159329 composite?
True
Is 48814449062 composite?
True
Is 23925850997 prime?
True
Is 798684119 prime?
True
Is 20907921731 a prime number?
True
Is 11012411161 a composite number?
True
Is 8986537361 a prime number?
True
Is 51682430531 a composite number?
True
Is 8963041063 prime?
True
Is 901241086 composite?
True
Is 43014443 a prime number?
False
Is 1906663247 a prime number?
True
Is 736037821 prime?
True
Is 726565207 prime?
False
Is 14978140613 a prime number?
False
Is 8766580463 composite?
True
Is 95966779 a composite number?
False
Is 1308747521 prime?
True
Is 2285337809 prime?
False
Is 11169936793 a prime number?
False
Is 34858159489 a prime number?
True
Is 715363421 prime?
True
Is 9742201367 prime?
True
Is 1894733377 a prime number?
True
Is 71005079657 prime?
True
Is 7377012901 a composite number?
False
Is 3037383049 a prime number?
True
Is 961322677 composite?
True
Is 160857717947 composite?
False
Is 6259903777 a composite number?
False
Is 1905940437 a composite number?
True
Is 862386827 a composite number?
False
Is 45808785551 prime?
True
Is 38440207457 prime?
True
Is 1153734389 composite?
False
Is 3246255323 a composite number?
True
Is 4910260241 a composite number?
False
Is 1023740407 a composite number?
False
Is 2448531601 composite?
False
Is 101433589811 composite?
False
Is 145134271 a prime number?
False
Is 8580825401 a composite number?
False
Is 3900093833 a prime number?
True
Is 106395997 a composite number?
False
Is 30504911137 a prime number?
True
Is 84980955953 a composite number?
True
Is 12260017963 composite?
False
Is 331377115 a composite number?
True
Is 2567690929 a composite number?
False
Is 61204073395 prime?
False
Is 912801103 prime?
True
Is 159817731001 composite?
False
Is 3261543923 a prime number?
False
Is 487232041 a prime number?
True
Is 2332391979 prime?
False
Is 71875061 composite?
False
Is 4910746101 composite?
True
Is 855400207 a prime number?
False
Is 7147417747 composite?
True
Is 1698981953 composite?
False
Is 53301974617 a prime number?
True
Is 2212552253 prime?
False
Is 12807215921 prime?
True
Is 34524164777 prime?
True
Is 1178114417 a prime number?
True
Is 887749039 composite?
False
Is 1423572109 prime?
True
Is 700504991 composite?
False
Is 130735737829 a prime number?
True
Is 3775184867 prime?
False
Is 124344524999 a composite number?
False
Is 33182747971 composite?
True
Is 31706056957 a composite number?
True
Is 315821953 a composite number?
False
Is 59245187 a prime number?
False
Is 14030559271 prime?
False
Is 22399421729 a prime number?
False
Is 590974817 a composite number?
True
Is 18855288093 a prime number?
False
Is 772598417 prime?
True
Is 120985271 prime?
False
Is 1697774167 prime?
True
Is 2318811074 a prime number?
False
Is 80272584629 prime?
False
Is 217648043 prime?
False
Is 634999493 composite?
False
Is 1526255099 a composite number?
False
Is 173845882345 prime?
False
Is 26656149763 prime?
False
Is 6976687841 prime?
True
Is 1495207117 a prime number?
True
Is 546240809 a composite number?
True
Is 1460870351 a prime number?
False
Is 19999546717 composite?
False
Is 11924281679 prime?
False
Is 3123735341 composite?
False
Is 8928043499 a prime number?
False
Is 87732842069 prime?
True
Is 137728127 prime?
False
Is 3615518687 composite?
True
Is 1246901861 prime?
True
Is 12737013074 a composite number?
True
Is 87213374093 a prime number?
True
Is 454249569 prime?
False
Is 116857697 a prime number?
False
Is 688619909 prime?
True
Is 5639647291 composite?
True
Is 18071688931 composite?
False
Is 13527932221 composite?
False
Is 756956593 composite?
False
Is 43136739491 composite?
True
Is 17170648829 a composite number?
False
Is 22249579951 a composite number?
True
Is 128081703 prime?
False
Is 195761221 a composite number?
False
Is 214180289 a prime number?
True
Is 537309473 a prime number?
True
Is 43318507 a prime number?
True
Is 4919547959 composite?
False
Is 1499696273 a composite number?
True
Is 3873360899 a composite number?
True
Is 491306653 a prime number?
True
Is 2366870971 a prime number?
True
Is 119580209327 composite?
False
Is 114587835029 composite?
False
Is 46667554891 prime?
False
Is 509526685 a composite number?
True
Is 3324754127 composite?
True
Is 624615851 prime?
False
Is 217827791 a composite number?
True
Is 5378192195 composite?
True
Is 1054517 a composite number?
False
Is 796837711 prime?
False
Is 80046147253 a prime number?
True
Is 7158389779 a prime number?
True
Is 4979179063 composite?
True
Is 10541142779 composite?
False
Is 13514153161 a composite number?
True
Is 5408134637 a prime number?
False
Is 410629909 prime?
False
Is 7009302283 a prime number?
False
Is 1005090673 prime?
True
Is 8578527206 a composite number?
True
Is 3349141651 a composite number?
True
Is 82913190743 a prime number?
True
Is 6077363471 a prime number?
True
Is 56646894979 a composite number?
False
Is 2740852991 composite?
False
Is 1269130819 a composite number?
True
Is 2483526223 prime?
False
Is 654673193 a composite number?
False
Is 4489777441 composite?
False
Is 6641813083 composite?
False
Is 32108630443 a composite number?
True
Is 224829257657 prime?
True
Is 1396853473 prime?
False
Is 26841455579 a composite number?
False
Is 398116749553 a composite number?
False
Is 53569831639 a prime number?
False
Is 28123561 composite?
False
Is 2950511477 a prime number?
True
Is 11502497627 a prime number?
True
Is 3318952289 composite?
True
Is 71073369595 composite?
True
Is 208428020503 a prime number?
True
Is 1301090387 composite?
Fal